a factor of 2090930?
False
Does 143 divide 132275?
True
Does 195 divide 227760?
True
Is 8452564 a multiple of 222?
False
Is 8000330 a multiple of 8?
False
Is 331 a factor of 18982069?
False
Does 405 divide 152685?
True
Is 15163770 a multiple of 15?
True
Does 8 divide 1054?
False
Is 1723050 a multiple of 10?
True
Does 305 divide 3414928?
False
Does 519 divide 3772405?
False
Is 39000 a multiple of 30?
True
Is 2005 a multiple of 251?
False
Is 357753 a multiple of 470?
False
Does 200 divide 47800?
True
Does 843 divide 18780162?
False
Is 46798 a multiple of 3?
False
Does 19 divide 69217?
True
Does 19 divide 11033708?
False
Is 128409 a multiple of 23?
True
Is 922942 a multiple of 106?
True
Is 29 a factor of 694753?
True
Is 4866008 a multiple of 56?
True
Is 6162992 a multiple of 97?
True
Does 168 divide 1014552?
True
Is 2 a factor of 16855?
False
Is 2861 a factor of 28321039?
True
Does 245 divide 20825?
True
Does 315 divide 51112?
False
Does 32 divide 150624?
True
Is 82 a factor of 10004?
True
Is 53 a factor of 45686?
True
Is 8 a factor of 10896?
True
Does 23 divide 3289824?
False
Is 17423 a multiple of 16?
False
Is 58 a factor of 2666531?
False
Is 152856 a multiple of 198?
True
Is 428 a factor of 57780?
True
Does 83 divide 2460761?
False
Does 446 divide 1421848?
True
Is 19 a factor of 46236?
False
Is 620032 a multiple of 346?
True
Is 183286 a multiple of 271?
False
Is 31735 a multiple of 167?
False
Does 120 divide 226920?
True
Does 17 divide 323679?
False
Is 5 a factor of 88895?
True
Is 7 a factor of 661918?
False
Is 149977 a multiple of 23?
False
Is 1177422 a multiple of 123?
False
Is 1329816 a multiple of 11?
False
Is 1221166 a multiple of 1112?
False
Does 350 divide 559984?
False
Is 5414397 a multiple of 210?
False
Does 11 divide 1415337?
True
Is 26298 a multiple of 54?
True
Is 7415062 a multiple of 1197?
False
Is 19 a factor of 2381678?
False
Is 2027629 a multiple of 41?
False
Is 2963396 a multiple of 19?
False
Does 32 divide 1529696?
True
Is 239505 a multiple of 133?
False
Does 78 divide 59055?
False
Does 227 divide 1539514?
True
Does 68 divide 38216?
True
Does 20 divide 163000?
True
Is 122360 a multiple of 19?
True
Is 4624 a multiple of 68?
True
Is 454 a factor of 1923469?
False
Is 80 a factor of 182095?
False
Does 26 divide 944320?
True
Is 201 a factor of 401545?
False
Is 42180 a multiple of 285?
True
Is 55943 a multiple of 7?
False
Is 404352 a multiple of 117?
True
Does 11 divide 15390925?
True
Does 87 divide 211323?
True
Does 206 divide 87756?
True
Is 31 a factor of 59366?
False
Does 10 divide 58706?
False
Does 153 divide 13189831?
False
Is 206 a factor of 2632595?
False
Is 143611 a multiple of 13?
True
Is 27 a factor of 35818?
False
Does 19 divide 21971334?
True
Is 2861418 a multiple of 193?
True
Does 37 divide 1062825?
True
Does 6 divide 1173448?
False
Does 43 divide 2724050?
True
Does 209 divide 566617?
False
Is 36 a factor of 175252?
False
Does 34 divide 340620?
False
Is 476856 a multiple of 8?
True
Does 5 divide 403445?
True
Is 46 a factor of 5485316?
True
Is 3990532 a multiple of 532?
True
Is 13 a factor of 22184708?
True
Does 355 divide 332618?
False
Is 4 a factor of 98136?
True
Is 70 a factor of 3141530?
True
Is 97920 a multiple of 153?
True
Is 590 a factor of 3711690?
True
Is 66 a factor of 14386416?
True
Is 2 a factor of 1472016?
True
Does 2062 divide 7971692?
True
Is 435 a factor of 10859340?
True
Does 142 divide 3538020?
False
Is 78791 a multiple of 264?
False
Does 238 divide 783175?
False
Is 136 a factor of 1382473?
False
Is 32 a factor of 185094?
False
Does 335 divide 11190265?
False
Is 19615292 a multiple of 41?
False
Does 15 divide 5377980?
True
Does 40 divide 298400?
True
Does 6 divide 26729?
False
Is 23 a factor of 143060?
True
Is 12 a factor of 19692?
True
Is 303329 a multiple of 80?
False
Does 104 divide 558168?
True
Is 22 a factor of 414238?
True
Does 40 divide 834382?
False
Does 126 divide 376700?
False
Does 150 divide 140738?
False
Is 61598 a multiple of 90?
False
Is 15656000 a multiple of 304?
True
Does 179 divide 655677?
True
Does 230 divide 2371760?
True
Does 62 divide 282628?
False
Is 2657 a factor of 21085952?
True
Does 380 divide 2885376?
False
Is 44938 a multiple of 7?
False
Is 3257040 a multiple of 30?
True
Is 5076306 a multiple of 171?
True
Is 2161350 a multiple of 25?
True
Does 4 divide 149041?
False
Is 17 a factor of 854777?
True
Is 58 a factor of 292784?
True
Does 230 divide 4940860?
True
Is 5290335 a multiple of 777?
False
Is 64 a factor of 3389907?
False
Does 5 divide 53187?
False
Does 685 divide 980235?
True
Is 34 a factor of 2988229?
False
Is 164207 a multiple of 31?
True
Is 154 a factor of 2149042?
False
Does 27 divide 62546?
False
Is 1358434 a multiple of 11?
True
Is 514836 a multiple of 336?
False
Does 163 divide 605056?
True
Is 443034 a multiple of 9?
True
Is 16 a factor of 2548768?
True
Is 78 a factor of 9211644?
True
Is 234 a factor of 2736126?
False
Is 541 a factor of 3637684?
True
Is 15386 a multiple of 7?
True
Is 107 a factor of 2930786?
False
Does 90 divide 415529?
False
Does 169 divide 408719?
False
Is 4481496 a multiple of 36?
True
Is 881604 a multiple of 162?
True
Does 7 divide 26579?
True
Is 67152 a multiple of 48?
True
Is 59 a factor of 35067?
False
Is 455616 a multiple of 576?
True
Is 25248 a multiple of 20?
False
Does 7 divide 828556?
False
Is 850680 a multiple of 30?
True
Does 13 divide 1055346?
False
Is 123480 a multiple of 24?
True
Is 1000 a factor of 321604?
False
Does 2 divide 537612?
True
Does 507 divide 295581?
True
Does 139 divide 1285489?
False
Does 38 divide 39672?
True
Is 276803 a multiple of 28?
False
Is 136213 a multiple of 220?
False
Does 97 divide 686760?
True
Does 6 divide 2395945?
False
Does 18 divide 273111?
False
Is 2273414 a multiple of 143?
True
Is 190512 a multiple of 392?
True
Is 345 a factor of 559853?
False
Is 167096 a multiple of 27?
False
Does 33 divide 748275?
True
Is 76529 a multiple of 73?
False
Does 232 divide 717808?
True
Is 103 a factor of 1218078?
True
Does 205 divide 2043235?
True
Is 2 a factor of 21956?
True
Does 54 divide 5810346?
True
Is 204 a factor of 210875?
False
Is 2034074 a multiple of 86?
False
Is 357563 a multiple of 5?
False
Is 200219 a multiple of 28?
False
Is 2179027 a multiple of 13?
False
Is 766007 a multiple of 83?
True
Is 191 a factor of 1667917?
False
Is 24 a factor of 232911?
False
Does 29 divide 565239?
True
Is 2794356 a multiple of 36?
True
Is 9 a factor of 31374?
True
Does 546 divide 1834560?
True
Is 11 a factor of 182809?
True
Is 18 a factor of 264834?
True
Is 21 a factor of 539343?
True
Is 115203 a multiple of 3?
True
Is 4 a factor of 123056?
True
Is 1155232 a multiple of 26?
True
Is 16 a factor of 6573686?
False
Is 4992 a multiple of 48?
True
Does 11 divide 2958076?
True
Does 54 divide 270436?
False
Is 744712 a multiple of 242?
False
Is 347 a factor of 167127?
False
Is 34 a factor of 5737772?
True
Is 11264 a multiple of 32?
True
Is 92275 a multiple of 4?
False
Is 13 a factor of 1093541?
False
Does 81 divide 2249856?
True
Does 41 divide 730305?
False
Does 1816 divide 1849842?
False
Is 358662 a multiple of 23?
True
Does 10 divide 1659160?
True
Is 70483 a multiple of 4?
False
Does 36 divide 5237532?
True
Is 43 a factor of 19823?
True
Is 3631308 a multiple of 31?
False
Does 14 divide 22737779?
False
Is 51 a factor of 440993?
False
Does 170 divide 10407663?
False
Does 123 divide 5960841?
False
Is 150540 a multiple of 5?
True
Is 9105376 a multiple of 16?
True
Does 121 divide 302137?
True
Is 15 a factor of 2582760?
True
Is 62 a factor of 44315?
False
Is 1125325 a multiple of 25?
True
Does 9 divide 512784?
True
Is 1715 a factor of 4979872?
False
Is 90 a factor of 8720550?
True
Is 19 a factor of 608932?
False
Does 308 divide 2844886?
False
Does 19 divide 82156?
True
Is 11 a factor of 16368?
True
Is 174 a factor of 40020?
True
Does 3 divide 659460?
True
Is 13059 a multiple of 9?
True
Is 636 a factor of 6369937?
False
Is 102085 a multiple of 17?
True
Does 37 divide 796388?
True
Does 15 divide 108255?
True
Is 16 a factor of 680072?
False
Is 8 a factor of 52816?
True
Does 678 divide 1442392?
False
Does 89 divide 2004102?
True
Is 112 a factor of 3914288?
True
Does 7 divide 61607?
True
Does 5 divide 270295?
True
Is 510000 a multiple of